 10*g + 18*g + 4 + 59*g. Is z(10) composite?
False
Let u be 6/(-6) + 3 - (-2 - -4249). Let k = u - -9764. Is k composite?
False
Let o = 553779 - 108605. Is o a composite number?
True
Let r be ((-50)/7)/((-14)/686*7). Is 5/(r/(-4)) + (-116607)/(-5) composite?
False
Let n = 503406 - 331265. Is n prime?
False
Suppose -2*a + 4*k + 2602 = 0, 0 = 2*k - 16 + 26. Is a a composite number?
False
Let u(b) = -72*b + 5. Let g = -48 + 42. Let f be u(g). Suppose 3*l - 226 = f. Is l a prime number?
False
Suppose 4*m = 4*a - 8, 0 = a + a - 5*m - 1. Let p(l) = -1 + 27*l**2 + 3*l - 8*l + 24*l**2. Is p(a) a composite number?
False
Suppose 18*w = 13*w - 55. Let q be w/4*-370 - 4/8. Suppose -781 = -4*i + c + q, -3*i = 3*c - 1341. Is i a prime number?
True
Let f be (-20)/12 - (-4)/(-3) - 4. Is (-6709)/((6 - 0) + f) a prime number?
True
Suppose 8*t = -z + 3*t + 1335102, -z = 3*t - 1335116. Is z a composite number?
False
Suppose -5*a = -4*x - 28, 11*x + 6 = 4*a + 16*x. Let v(g) = 1014*g**2 + 15*g - 11. Is v(a) a composite number?
False
Suppose -5*h = 8*h - 627965. Suppose h = 3*z + 17090. Is z a prime number?
False
Let a(v) = 9*v**2 + 5*v + 3. Let x be a(-3). Let w = x - 61. Suppose -5975 - 7550 = -5*i - 5*r, -w = 4*r. Is i a composite number?
False
Suppose 0 = 4*w - 20, 2*u + 13 = 4*w - 13. Is -6 + (u - -5) + 5 + 7278 a prime number?
False
Suppose -2*q + 38228 = -3*n, 3*n + 118954 = 5*q + 23411. Is q a composite number?
True
Suppose 4*d + 1 = w + 3, 16 = -2*w + 5*d. Let b = -88 - w. Let g = b - -73. Is g composite?
False
Let i(f) = f + 21. Let j be i(-19). Suppose j*s = -2*s - 2*w + 9440, -2*s + 5*w = -4708. Is s a composite number?
True
Is 3 + ((-212079)/(-10) - (210/(-100) - -2)) a prime number?
True
Let g(p) = -265*p**3 - 3 + 2 + p**2 + 148*p**3 - 381*p**3 - p. Is g(-1) a composite number?
False
Let o(f) be the first derivative of 2/3*f**3 + 3*f**2 - 5 + 21*f. Is o(-7) a prime number?
False
Suppose 2*t - 5 - 11 = 0. Let y(u) = -u**2 + 9*u - 8. Let v be y(t). Suppose -7*j + 16761 - 3188 = v. Is j a prime number?
False
Let a be 2*(3 + 15/(-6)) - 9. Is (-7 - a) + -111*(-1 - 7) composite?
True
Let d = 96325 - 44592. Is d composite?
True
Let w(r) = -2*r**2 - 3*r + 8. Let n be w(-3). Let d be 2 + 0 - -2981 - (0 + n). Let b = -931 + d. Is b a composite number?
False
Let q(h) = -134*h**3 - 11*h**2 + 65*h + 319. Is q(-11) a composite number?
True
Suppose 5*g = -g + 7*g - 48449. Is g composite?
False
Let f(o) = 700*o - 205. Let k be f(33). Let m = 32878 - k. Is m a composite number?
True
Suppose 2*v = -5*o + 76044, -667*v + 3*o = -666*v - 38011. Is v composite?
True
Let y(j) be the second derivative of 19*j**3/3 + 27*j**2/2 - 73*j. Is y(7) composite?
False
Suppose 27*m = m - 25*m + 5550381. Is m a prime number?
False
Let c = -2627 + 1087. Let j = 2321 + c. Is j a prime number?
False
Let i(g) = -g**3 - 19*g**2 - 20*g - 19. Let v be i(-18). Suppose 2*c = v*c - 225. Is c a prime number?
False
Let c(p) = -p**2 + 8*p - 30. Let n be c(7). Let a = n - -31. Is 6 - 2 - (-33032)/a prime?
True
Suppose 3*d - 71 = -2*k - 20, 3*k = -2*d + 89. Suppose -k*t + 47*t = 40978. Is t a composite number?
False
Let v(k) = -217*k - 92. Let n be v(-6). Let d = n - 291. Is d prime?
True
Let y(z) = -2*z**3 - 22*z - 20. Let n be y(-9). Suppose -i + n = -5*a + 4915, -2636 = -4*a + 4*i. Is a a composite number?
True
Let x = -432 - -435. Suppose 2881 = 3*w + 8*u - 13*u, 0 = -x*w + 3*u + 2889. Is w prime?
True
Suppose 545163 = 11*k + 64705. Is k a composite number?
True
Suppose 7 = -9*d + 25. Suppose 4*v + 4*y + 11625 = 9*v, v - d*y - 2331 = 0. Is v prime?
False
Let g(w) = -471*w**3 + 15*w + 28*w**2 - 1 + 527*w**3 + 1061*w**3 - 26*w**2 - 12*w. Is g(1) prime?
False
Let k(t) = -3 - 27*t + 23*t**2 + t**3 + 22*t**2 - 28*t**2 + 8*t. Is k(-16) composite?
False
Suppose 25723 = h + 5*u, 120*h = 115*h - 5*u + 128495. Is h a composite number?
False
Let i = 1091 - -786. Let m = -1194 + i. Is m composite?
False
Let t be (0 - -316) + -1 + 2. Suppose 6*z + t = 53. Is 4070/8 - 11/z a prime number?
True
Suppose h + 6 = -3*a, -h = -4*h - 4*a - 43. Is h/14*4604/(-6) composite?
False
Suppose -2*j = 7*j - 450. Suppose 47*z = j*z - 9. Suppose -z*f - 2103 = -6*f. Is f a composite number?
False
Suppose -s = -2*f - 921, 3*s - 4*f - 3775 + 1006 = 0. Suppose 0 = -2*g - 4, 3*g - 6231 + s = -3*w. Suppose 0 = 5*j - 9*n + 4*n - w, 0 = -n + 4. Is j composite?
True
Let w = 9994 - 3753. Suppose -w = -j + 187. Suppose 5*b + f = j, 0*b + b - 5*f = 1270. Is b prime?
False
Let k be ((-96)/(-20))/((-1)/25). Suppose -4*q + 1 = -5*q. Is (-1 + 2)*(q - k) a composite number?
True
Suppose 2*p + 9*p - 29117 = 0. Let r = 4666 - p. Is r a prime number?
False
Let m = -806467 - -1499318. Is m a prime number?
True
Suppose -9329 = n + 2*h, -1 + 9 = 4*h. Let o = n + 16652. Is o a prime number?
False
Suppose 3*u - 2*s - 86367 = 0, u = 4*s + 8964 + 19825. Is u a prime number?
True
Suppose 0 = 14*p + 3*p - 136. Suppose 0 = 6*x - p*x - 20. Is 12/20 - (-46)/x - -435 prime?
True
Let c = -335577 + 961816. Is c prime?
True
Suppose 4762753 = 5*p + 228*p. Is p a composite number?
False
Suppose -46*q + 1292861 + 2575987 = -927986. Is q prime?
False
Is ((-50497)/2)/((-4)/(18 + -10)) a composite number?
False
Let v(p) = p**3 - 6*p**2 + 6*p - 26. Let s be v(6). Is s + -7 - (-1 - (1 + 8001)) a composite number?
True
Let d(n) = -22*n - 2 - 1 - 5*n. Let c be d(-1). Suppose -1346 = 22*g - c*g. Is g a composite number?
False
Suppose 2*q - 2*l - 9420 = q, -47040 = -5*q - 2*l. Suppose 2*u + 3*u - 23487 = -2*k, -2*u = -3*k - q. Is u a composite number?
True
Is (-43739)/229*(-2 + 1)*577 composite?
True
Let z = -2265 - -3796. Suppose -8954 - z = -15*w. Is w a prime number?
False
Suppose -3*p + 9 = 0, -3*d = -d + 3*p - 414467. Is d a composite number?
True
Suppose -11575 + 103997 + 24300 = 2*r. Is r composite?
True
Let m = 125 - 120. Suppose -3*b = -5*b + 4*k + 11578, m*b = k + 28900. Is b a composite number?
False
Suppose 597*w = 593*w + 244012. Is w prime?
False
Let b = -42 + 50. Suppose -3*g + 1 + b = 0, 179 = -2*l - g. Let k = l + 188. Is k a composite number?
False
Let q = 317537 + -220026. Is q prime?
True
Suppose 24 - 21 = -k, 0 = -2*q - 6*k + 9944. Is q composite?
True
Let o = 22145 - 10315. Let f = o - 6329. Is f a composite number?
False
Let t = -170888 - -306971. Is t prime?
False
Suppose 3568 = 3*u + 5*c, c + 2970 + 604 = 3*u. Let k = 29 - 3. Let z = u + k. Is z a prime number?
True
Let g(b) = -b + 18. Let m be g(16). Suppose 5*x = 2*i + 27, -m*i - 7*x = -3*x. Let r = 31 - i. Is r prime?
True
Let f = -231 + 243. Suppose -f*p = 16*p - 102452. Is p composite?
False
Let j(g) = 3521*g - 1496. Is j(9) composite?
True
Let x(j) = 27617*j**2 - 53*j - 53. Let t be x(-1). Let m = -15826 + t. Is m prime?
False
Let z(n) = 7*n**2 + 4*n - 4. Let g = 27 + -26. Let s be z(g). Suppose 0 = -s*b + 6*b + 319. Is b a composite number?
True
Let n = -169661 + 344158. Suppose -33*x = -21490 - n. Is x composite?
False
Let u = -1 + 1. Suppose u = -4*q + b + 16805, -3*q + 2*b - 16802 = -7*q. Is q a prime number?
True
Let w(l) be the second derivative of 9*l**3/2 - 7*l**2 + 10*l. Let p be w(-3). Is (-1)/(6/(-12)) - p a composite number?
False
Suppose -16*b + 21 = -19*b. Let u(x) = 39*x**2 + 15*x - 5. Is u(b) prime?
True
Suppose -4*m = -8, 56*o - 59*o - 2*m + 118261 = 0. Is o prime?
True
Suppose 194 = 4*n + 3*s, 2*s - 3 = 1. Suppose 43*r + 20 = n*r. Suppose -2*p + 2016 = 2*v, -83 - 1948 = -2*p - r*v. Is p a composite number?
True
Let f be ((-12)/(-12))/(1*1/(-3)). Let i be f*((-9)/(-12))/(27/(-48)). Is (-2)/(5/((-2110)/i)) a prime number?
True
Is 14029/((-7)/(-21)*12 + -3) prime?
True
Let x(c) = c**3 + 86*c**2 + 98*c + 191. Is x(-54) a prime number?
True
Suppose -d - 3*j + 4 = -11, 2*j = -d + 10. Suppose -35*y - 47*y = 194340. Is (d - -3)/(-1 + y/(-2361)) composite?
False
Let r(c) = 99*c + 72. Let t(o) = 496*o + 361. Let v(h) = 11*r(h) - 2*t(h). Let d(f) = 49*f + 35. Let s(y) = 5*d(y) - 2*v(y). Is s(14) composite?
True
Let d be (-29)/(((-28)/42)/((-6)/(-9))). Suppose -44*j = -d*j - 124665. Is j prime?
True
Suppose 30672 = 31*y - 23*y. Is (y - -2) + 11 + -2 a composite number?
True
Let p(v) = 3446*v**2 - 130*v - 1925. Is p(-18) a composite number?
True
Let o be 20/(-5) - (64 - 2). Let v = o - 